- 7. Calculate a(7).
7
Let s(p) = -p**2 - 13*p + 84. What is s(-18)?
-6
Let o(c) = -c**3 + 3*c**2 + 3*c - 6. Calculate o(3).
3
Let k(s) = s**3 - 5*s**2 + 4*s + 8. Determine k(4).
8
Let f(s) = -s**3 + 5*s**2 + 2*s + 20. Calculate f(6).
-4
Let i(v) = v**3 + 15*v**2 + 25*v - 9. Give i(-13).
4
Let c(u) = -u**3 - 11*u**2 + 15*u + 28. Give c(-12).
-8
Let v(x) = x**3 - 7*x**2 + x - 14. What is v(7)?
-7
Let p(n) = n**3 - 6*n**2 + 6*n - 7. What is p(3)?
-16
Let j(z) = -z**2 + 11*z + 27. Give j(14).
-15
Let c(i) = -7*i + 22. What is c(0)?
22
Let h(t) = -3*t**2 + 12*t - 27. Calculate h(4).
-27
Let w(y) = 20*y + 434. What is w(-22)?
-6
Let t(r) = -3*r - 15. Calculate t(-7).
6
Let o(b) = -b + 23. Determine o(16).
7
Let p(t) = -4*t + 9. Give p(11).
-35
Let a(t) = -8*t**2 + 2*t + 2. Give a(-1).
-8
Let x(g) = -g**3 - 3*g**2 + 2*g + 7. Calculate x(-2).
-1
Let i(m) = -3*m**2 - 8*m + 6. Determine i(1).
-5
Let w(g) = -g**3 + 8*g**2 + 10*g - 5. Calculate w(9).
4
Let r(v) = -59*v - 114. Calculate r(-2).
4
Let f(t) = 20*t - 602. What is f(30)?
-2
Let u(i) = -i**2 - 2*i - 1. Determine u(-1).
0
Let n(z) = -2*z - 31. Determine n(7).
-45
Let m(b) = -8*b**2 - 449*b - 53. Determine m(-56).
3
Let c(y) = -53*y + 2. Give c(-1).
55
Let c(b) = 5*b**2 + b - 43. Determine c(0).
-43
Let j(a) = -a**2 - a + 2. Determine j(-10).
-88
Let y(f) = -9*f + 14. Calculate y(2).
-4
Let m(o) = o**3 - 3*o**2 - 3*o - 7. Determine m(4).
-3
Let n(t) = 2*t**3 + 5*t**2 - 11*t - 15. Give n(-3).
9
Let z(f) = -f**2 + 87. Calculate z(0).
87
Let g(u) = -u**3 - 7*u**2 - 9*u - 5. Calculate g(-5).
-10
Let s(d) = -13*d**3 + 2*d**2 + 3*d + 2. Calculate s(-1).
14
Let d(i) = 41*i**3 + i. Determine d(1).
42
Let j(d) = -d**2 - 2*d + 29. Determine j(7).
-34
Let k(v) = 5*v**2 + 13*v + 13. Determine k(-2).
7
Let o(c) = -c**3 + 16*c**2 + 17*c + 3. What is o(17)?
3
Let z(m) = -m**2 + 14*m - 37. Calculate z(5).
8
Let z(y) = -y**2 - 16*y - 21. What is z(-7)?
42
Let d(p) = -p + 3. What is d(0)?
3
Let t(v) = -v**3 + 6*v**2 + 19*v - 124. What is t(5)?
-4
Let t(j) = -j**2 - 23*j - 82. Calculate t(-20).
-22
Let y(a) = a**2 + a - 20. Calculate y(-5).
0
Let s(x) = -x**3 + 7*x**2 + 7*x - 8. What is s(9)?
-107
Let t(c) = -c**3 + 2*c**2 - 10*c - 6. Determine t(0).
-6
Let b(a) = -a - 2. Determine b(1).
-3
Let n(o) = -2*o**2 + 44*o + 6. What is n(20)?
86
Let r(z) = -z**3 - 4*z**2 - z + 3. Determine r(-5).
33
Let t(r) = r**3 + 9*r**2 - 8*r + 11. Give t(-10).
-9
Let y(w) = -w**2 - 4*w + 15. Calculate y(-7).
-6
Let o(u) = 4*u + 28. What is o(13)?
80
Let m(c) = -2*c**2 - 3*c + 13. Calculate m(5).
-52
Let d(w) = -2*w**2 - 12*w + 12. Calculate d(-7).
-2
Let n(t) = -3*t**3 + t**2 - 2*t - 2. Determine n(-1).
4
Let k(w) = w**3 + 4*w**2 - 5*w + 6. What is k(-5)?
6
Let k(c) = -4*c - 13. Determine k(-4).
3
Let j(s) = -18*s - 220. What is j(-12)?
-4
Let z(y) = -y**2 - 20*y + 26. Determine z(-21).
5
Let f(c) = -c**2 - 6*c + 10. Determine f(-6).
10
Let p(r) = -r**2 - 26*r - 20. Determine p(-23).
49
Let v(c) = -5*c + 5. Determine v(3).
-10
Let t(s) = -s**3 + 10*s**2 + 8*s + 18. Give t(11).
-15
Let q(g) = g**3 + 16*g**2 + 16*g + 35. What is q(-15)?
20
Let v(l) = 2*l - 2. Give v(3).
4
Let r(z) = z**3 + z**2 - 2*z + 4. Determine r(2).
12
Let q(h) = h**2 + 15*h + 38. What is q(-11)?
-6
Let z(j) = 5*j + 2. Give z(4).
22
Let g(v) = v**3 + 31*v**2 - 67*v - 37. What is g(-33)?
-4
Let l(g) = -3*g - 6. What is l(5)?
-21
Let b(o) = 50*o**2 + 2*o - 2. What is b(1)?
50
Let t(d) = 6*d - 3. Determine t(-3).
-21
Let d(b) = 6*b**3 + b**2 + 2*b + 1. Determine d(-1).
-6
Let s(t) = -t**2 - 92*t + 1024. Determine s(10).
4
Let o(x) = 2*x**3 + 4*x**2 + 2*x. Determine o(-2).
-4
Let k(o) = 3*o + 4. Determine k(4).
16
Let t(s) = -4*s - 27. Determine t(-11).
17
Let w(h) = h**2 - 11*h - 3. What is w(10)?
-13
Let w(f) = -2*f**2 + 3*f - 32. Calculate w(7).
-109
Let q(i) = 8*i + 61. What is q(-7)?
5
Let f(p) = -p**3 + 9*p**2 + 15*p - 11. Determine f(10).
39
Let x(y) = -49*y + 137. Give x(3).
-10
Let z(b) = b**3 - 7*b**2 - 9*b - 5. Calculate z(8).
-13
Let l(f) = -f**3 + 10*f**2 + 6*f + 27. Give l(11).
-28
Let v(o) = -10*o - 4. What is v(3)?
-34
Let z(a) = a**3 - 9*a**2 - a - 10. Determine z(9).
-19
Let c(w) = w**3 - 4*w**2 + 7*w - 4. Give c(4).
24
Let h(c) = 15*c + 18. Calculate h(3).
63
Let r(z) = -z**3 + z**2 - 2*z + 2. Calculate r(1).
0
Let k(n) = -n**2 + 10*n - 10. Give k(8).
6
Let u(a) = 2*a**3 - 45*a**2 - 67*a - 109. Calculate u(24).
11
Let c(y) = 277*y - 274. Calculate c(1).
3
Let n(m) = m**2 - 6*m + 19. Determine n(5).
14
Let j(k) = -14*k - 20. Determine j(5).
-90
Let w(k) = 10*k + 16. Determine w(-2).
-4
Let w(h) = -11*h**3 - 2*h**2 - h. Give w(-1).
10
Let b(q) = q**3 - 10*q**2 + 11*q + 22. What is b(10)?
132
Let b(h) = -h**2 - 5*h + 11. What is b(-6)?
5
Let u(i) = -3*i - 9. What is u(-3)?
0
Let l(o) = -o**2 - 11*o - 4. Give l(-11).
-4
Let v(k) = -k**2 + 5*k + 328. What is v(21)?
-8
Let x(f) = -f**3 + 4*f**2 - 5*f + 5. What is x(3)?
-1
Let b(d) = 5*d**3 + 4*d + 5. What is b(-1)?
-4
Let o(s) = s**2 + 9*s - 3. Determine o(-7).
-17
Let z(u) = u**3 - 9*u**2 + 5*u - 7. Determine z(4).
-67
Let r(t) = -t**3 + 4*t**2 - t + 6. Determine r(4).
2
Let x(m) = m + 2. What is x(-2)?
0
Let b(n) = n**3 - 6*n**2 - 2*n + 1. Calculate b(5).
-34
Let y(i) = -i**3 + 5*i**2 + 7*i - 2. Calculate y(6).
4
Let p(l) = -21*l**3 + l**2 - l + 1. What is p(1)?
-20
Let g(x) = x**3 - 8*x**2 + 17*x - 32. Determine g(6).
-2
Let d(r) = 3*r**2 - 4*r - 3. Calculate d(-1).
4
Let n(q) = 2*q**2 - 2*q + 2. Give n(-2).
14
Let k(b) = -3*b + 35. Give k(11).
2
Let s(u) = -u**2 - 25*u - 169. What is s(-15)?
-19
Let k(g) = -2*g**2 - 2*g - 1. What is k(-4)?
-25
Let j(z) = 9*z + 21. Determine j(-6).
-33
Let x(t) = 12*t + 95. Determine x(-9).
-13
Let b(n) = 3*n - 9. Give b(5).
6
Let r(a) = 6*a - 5. What is r(-1)?
-11
Let y(u) = u - 8. Determine y(-13).
-21
Let j(g) = g**3 + 9*g**2 + 21*g + 5. Calculate j(-6).
-13
Let b(f) = -2*f**2 - 17*f + 14. Calculate b(1).
-5
Let w(v) = -v - 4. What is w(14)?
-18
Let b(t) = t**2 + 26*t - 206. Give b(6).
-14
Let o(r) = 3*r**2 - 10*r + 6. Determine o(3).
3
Let v(a) = -9*a + 14. Calculate v(-12).
122
Let y(f) = 5*f - 9. What is y(6)?
21
Let i(f) = f**3 + 13*f**2 + 11*f + 9. Give i(-12).
21
Let k(j) = -j**2 - 2. What is k(3)?
-11
Let f(h) = -h**2 + 14*h - 15. Determine f(12).
9
Let c(m) = m**3 + 16*m**2 + 13*m - 28. Calculate c(-15).
2
Let j(t) = 34*t - 667. Give j(20).
13
Let u(g) = 3*g - 38. Calculate u(11).
-5
Let a(k) = -2*k**2 - 45*k + 43. Give a(-24).
-29
Let y(o) = o**3 - 2*o**2 - 2*o + 2. Determine y(-3).
-37
Let g(w) = -13*w - 31. What is g(-13)?
138
Let d(c) = c**2 - 7*c - 2. What is d(7)?
-2
Let q(h) = -2*h**3 - 4*h**2 - h - 6. What is q(-3)?
15
Let f(v) = -2*v**3 + 18*v**2 - 12*v + 12. Determine f(9).
-96
Let v(r) = r**2 - 3*r - 12. Determine v(6).
6
Let m(y) = -29*y - 27. What is m(-3)?
60
Let f(l) = 3*l**3 + l**2 + 10*l + 8. Determine f(-2).
-32
Let j(o) = -o**3 - o**2 - 2*o - 8. Give j(0).
-8
Let x(d) = -128*d + 12. Give x(0).
12
Let l(a) = -3*a**2 + 63*a - 4. Give l(21).
-4
Let o(t) = 4*t - 18. Determine o(0).
-18
Let q(u) = u**2 + 3*u - 43. Determine q(-7).
-15
Let w(i) = -i**3 + 3*i**2 + 9*i + 12. Give w(5).
7
Let u(g) = 2*g + 4. Give u(7).
18
Let r(m) = 12*m - 6. Calculate r(-6).
-78
Let m(k) = k**2 - k + 4. Determine m(3).
10
Let i(l) = -11*l - 27. Calculate i(-6).
39
Let g(q) = q**2 + 14*q + 47. Calculate g(-7).
-2
Let l(d) = -d**3 - 2*d**2 + 15*d - 8. Calculate l(-5).
-8
Let h(q) = q**3 - 3*q**2 - 5*q - 2. Calculate h(6).
76
Let b(k) = -3*k**2 - 4*k - 3. Calculate b(-2).
-7
Let d(x) = 8*x + 78. What is d(-7)?
22
Let d(t) = -t**2 + t - 3. What is d(-4)?
-23
Let z(a) = 89*a + 527. Calculate z(-6).
-7
Let q(o) = -o**2 - 18*o + 42. Calculate q(-20).
2
Let s(b) = -b**3 + 18*b**2 - 46*b + 6. Calculate s(15).
-9
Let a(r) = r**3 - 14*r + 11. Calculate a(3).
-4
Let y(d) = 6*d**2. Give y(2).
24
Let l(f) = -87*f - 1566. Determine l(-18).
0
Let x(w) = -4*w + 2. Give x(11).
-42
Let q(x) = 6*x**3 - 3*x - 4. Give q(-1).
-7
Let b(a) = a**2 + 12*a + 14. Calculate b(-10).
-6
Let a(q) = -q**2 + 14*q + 31. Determine a(16).
-1
Let b(x) = x**3 + 6*x**2 - 9*x + 5. Give b(-7).
19
Let b(i) = i + 2. Determine b(-11).
-9
Let s(y) = 2*y**3 + 28*y**2 - 2*y - 21. Determine s(-14).
7
Let o(m